{"id":2,"date":"2021-02-14T06:16:17","date_gmt":"2021-02-14T06:16:17","guid":{"rendered":"http:\/\/localhost\/wordpress\/?page_id=2"},"modified":"2025-11-09T09:41:07","modified_gmt":"2025-11-09T09:41:07","slug":"sample-page","status":"publish","type":"page","link":"https:\/\/www.finestar.cz\/","title":{"rendered":"O n\u00e1s"},"content":{"rendered":"\n<p>Na\u0161e spole\u010dnost byla zalo\u017eena na konci roku 1992 p\u016fvodn\u011b jako softwarov\u00e1 firma, po zm\u011bn\u011b vlastn\u00edk\u016f od roku 2002 p\u0159evzala poradensk\u00e9 aktivity pro podniky a poskytov\u00e1n\u00ed znaleck\u00fdch posudk\u016f v oboru ekonomika. V letech 2007 a\u017e 2012 byla spole\u010dnost sou\u010d\u00e1st\u00ed nadn\u00e1rodn\u00ed auditorsk\u00e9 skupiny VGD, kde zaji\u0161\u0165ovala zpracov\u00e1n\u00ed ocen\u011bn\u00ed p\u0159edev\u0161\u00edm pro podnikov\u00e9 transformace, f\u00faze a akvizice. Od roku 2012 poskytujeme slu\u017eby op\u011bt zcela nez\u00e1visle p\u0159\u00edmo na\u0161im klient\u016fm, nebo zprost\u0159edkovan\u011b p\u0159es spolupracuj\u00edc\u00ed auditorsk\u00e9 a pr\u00e1vn\u00ed kancel\u00e1\u0159e. <\/p>\n\n\n\n<p>Do konce roku 2023 jsme na\u0161im z\u00e1kazn\u00edk\u016fm dodali v\u00edce n\u011b\u017e 430 znaleck\u00fdch posudk\u016f na ocen\u011bn\u00ed podnik\u016f a dal\u0161\u00edho majetku v \u00fahrnn\u00e9 tr\u017en\u00ed hodnot\u011b p\u0159esahuj\u00edc\u00ed 37,2 mld. K\u010d. V sou\u010dasnosti se zam\u011b\u0159ujeme prim\u00e1rn\u011b na oblast intern\u00edch audit\u016f, forenzn\u00ed finan\u010dn\u00ed prov\u011b\u0159ov\u00e1n\u00ed, cenov\u00e1 porovn\u00e1n\u00ed a ekonomick\u00e9 poradenstv\u00ed.  <\/p>\n\n\n\n<p>Na\u0161e s\u00eddlo je um\u00edst\u011bno v Praze, back office v priv\u00e1tn\u00ed kancel\u00e1\u0159i v Liberci. <\/p>\n","protected":false},"excerpt":{"rendered":"<p>Na\u0161e spole\u010dnost byla zalo\u017eena na konci roku 1992 p\u016fvodn\u011b jako softwarov\u00e1 firma, po zm\u011bn\u011b vlastn\u00edk\u016f od roku 2002 p\u0159evzala poradensk\u00e9<\/p>\n<p><a href=\"https:\/\/www.finestar.cz\/\" class=\"more-link\">Continue reading<span class=\"screen-reader-text\">O n\u00e1s<\/span><\/a><\/p>\n","protected":false},"author":1,"featured_media":0,"parent":0,"menu_order":0,"comment_status":"closed","ping_status":"open","template":"","meta":{"footnotes":""},"class_list":["post-2","page","type-page","status-publish","hentry"],"_links":{"self":[{"href":"https:\/\/www.finestar.cz\/index.php\/wp-json\/wp\/v2\/pages\/2","targetHints":{"allow":["GET"]}}],"collection":[{"href":"https:\/\/www.finestar.cz\/index.php\/wp-json\/wp\/v2\/pages"}],"about":[{"href":"https:\/\/www.finestar.cz\/index.php\/wp-json\/wp\/v2\/types\/page"}],"author":[{"embeddable":true,"href":"https:\/\/www.finestar.cz\/index.php\/wp-json\/wp\/v2\/users\/1"}],"replies":[{"embeddable":true,"href":"https:\/\/www.finestar.cz\/index.php\/wp-json\/wp\/v2\/comments?post=2"}],"version-history":[{"count":13,"href":"https:\/\/www.finestar.cz\/index.php\/wp-json\/wp\/v2\/pages\/2\/revisions"}],"predecessor-version":[{"id":124,"href":"https:\/\/www.finestar.cz\/index.php\/wp-json\/wp\/v2\/pages\/2\/revisions\/124"}],"wp:attachment":[{"href":"https:\/\/www.finestar.cz\/index.php\/wp-json\/wp\/v2\/media?parent=2"}],"curies":[{"name":"wp","href":"https:\/\/api.w.org\/{rel}","templated":true}]}}